{"id":292,"date":"2023-08-29T12:36:42","date_gmt":"2023-08-29T10:36:42","guid":{"rendered":"https:\/\/www.advance-tyres.cz\/?post_type=product&#038;p=292"},"modified":"2023-08-30T15:17:57","modified_gmt":"2023-08-30T13:17:57","slug":"gl073a","status":"publish","type":"product","link":"https:\/\/www.advance-tyres.cz\/index.php\/produkt\/gl073a\/","title":{"rendered":"GL073A"},"content":{"rendered":"","protected":false},"excerpt":{"rendered":"<p>Vysok\u00e1 odolnost proti opot\u0159eben\u00ed, vysok\u00e1 bezpe\u010dnost a palivov\u00e1 \u00fa\u010dinnost, vysok\u00fd pom\u011br v\u00fdkonu a n\u00e1klad\u016f.<\/p>\n<a  class=\"button  button_size_2\"  href=\"\" target=\"_blank\"   ><span class=\"button_label\">KOUPIT<\/span><\/a>\n\n<p>&nbsp;<\/p>\n","protected":false},"featured_media":293,"comment_status":"closed","ping_status":"closed","template":"","meta":[],"product_cat":[33],"product_tag":[],"class_list":["post-292","product","type-product","status-publish","has-post-thumbnail","hentry","product_cat-nakladni-a-autobus"],"_links":{"self":[{"href":"https:\/\/www.advance-tyres.cz\/index.php\/wp-json\/wp\/v2\/product\/292","targetHints":{"allow":["GET"]}}],"collection":[{"href":"https:\/\/www.advance-tyres.cz\/index.php\/wp-json\/wp\/v2\/product"}],"about":[{"href":"https:\/\/www.advance-tyres.cz\/index.php\/wp-json\/wp\/v2\/types\/product"}],"replies":[{"embeddable":true,"href":"https:\/\/www.advance-tyres.cz\/index.php\/wp-json\/wp\/v2\/comments?post=292"}],"wp:featuredmedia":[{"embeddable":true,"href":"https:\/\/www.advance-tyres.cz\/index.php\/wp-json\/wp\/v2\/media\/293"}],"wp:attachment":[{"href":"https:\/\/www.advance-tyres.cz\/index.php\/wp-json\/wp\/v2\/media?parent=292"}],"wp:term":[{"taxonomy":"product_cat","embeddable":true,"href":"https:\/\/www.advance-tyres.cz\/index.php\/wp-json\/wp\/v2\/product_cat?post=292"},{"taxonomy":"product_tag","embeddable":true,"href":"https:\/\/www.advance-tyres.cz\/index.php\/wp-json\/wp\/v2\/product_tag?post=292"}],"curies":[{"name":"wp","href":"https:\/\/api.w.org\/{rel}","templated":true}]}}